 to base 10.
-4
What is 6 (base 16) in base 8?
6
Convert 33 (base 15) to base 5.
143
Convert 1011 (base 4) to base 5.
234
3 (base 4) to base 6
3
Convert 160 (base 15) to base 14.
187
10 (base 12) to base 15
c
-232 (base 4) to base 14
-34
Convert -3 (base 9) to base 16.
-3
Convert 212 (base 4) to base 16.
26
Convert 11100101 (base 2) to base 13.
148
Convert -159 (base 14) to base 2.
-100010011
What is -3 (base 5) in base 4?
-3
22 (base 3) to base 10
8
What is -91 (base 14) in base 16?
-7f
Convert -100100 (base 2) to base 15.
-26
Convert 2 (base 14) to base 7.
2
0 (base 6) to base 12
0
10 (base 3) to base 14
3
What is 50 (base 7) in base 9?
38
What is 24 (base 15) in base 13?
28
16e (base 16) to base 9
446
What is 1 (base 3) in base 12?
1
What is -2 (base 8) in base 4?
-2
What is -2 (base 4) in base 6?
-2
-7 (base 8) to base 12
-7
Convert 11 (base 3) to base 8.
4
What is -1 (base 8) in base 5?
-1
What is 131 (base 16) in base 5?
2210
-110 (base 2) to base 15
-6
What is 1 (base 7) in base 10?
1
What is 2 (base 11) in base 15?
2
-11001 (base 2) to base 15
-1a
Convert -73 (base 8) to base 3.
-2012
What is -2 (base 7) in base 3?
-2
-11000 (base 2) to base 8
-30
10110100 (base 2) to base 7
345
-1 (base 8) to base 5
-1
10011001 (base 2) to base 11
12a
Convert -4 (base 8) to base 2.
-100
What is 3 (base 12) in base 16?
3
Convert 0 (base 13) to base 9.
0
What is c (base 16) in base 2?
1100
What is 1 (base 12) in base 7?
1
What is 0 (base 6) in base 7?
0
-20000 (base 3) to base 10
-162
21 (base 15) to base 14
23
0 (base 11) to base 14
0
18 (base 12) to base 10
20
What is 14 (base 5) in base 10?
9
Convert 103 (base 4) to base 14.
15
Convert -5 (base 7) to base 14.
-5
Convert -3 (base 14) to base 16.
-3
Convert -237 (base 12) to base 6.
-1311
Convert 1 (base 13) to base 11.
1
-46 (base 12) to base 10
-54
-222 (base 4) to base 14
-30
Convert -1b (base 13) to base 14.
-1a
5 (base 15) to base 4
11
What is -48 (base 16) in base 3?
-2200
Convert 1 (base 2) to base 13.
1
What is 2 (base 13) in base 11?
2
What is -11101 (base 2) in base 5?
-104
Convert 38 (base 9) to base 13.
29
Convert 47 (base 12) to base 5.
210
What is -6 (base 13) in base 6?
-10
Convert 40 (base 8) to base 14.
24
-3 (base 5) to base 12
-3
Convert 10010100 (base 2) to base 8.
224
-11 (base 13) to base 16
-e
-1003 (base 4) to base 9
-74
Convert 1 (base 13) to base 14.
1
Convert -37 (base 10) to base 8.
-45
What is -7 (base 10) in base 6?
-11
What is -25 (base 14) in base 4?
-201
Convert 2 (base 13) to base 7.
2
What is 44 (base 6) in base 14?
20
What is 18 (base 11) in base 14?
15
Convert -1 (base 14) to base 12.
-1
What is -29 (base 12) in base 4?
-201
Convert 408 (base 10) to base 2.
110011000
Convert 130 (base 7) to base 14.
50
What is -1 (base 8) in base 10?
-1
What is 16 (base 8) in base 2?
1110
-1033 (base 4) to base 11
-72
-167 (base 11) to base 14
-dc
e (base 16) to base 12
12
10 (base 11) to base 12
b
-1 (base 14) to base 7
-1
-a (base 11) to base 16
-a
Convert 5 (base 10) to base 7.
5
-4 (base 16) to base 4
-10
-1 (base 4) to base 2
-1
What is -1 (base 2) in base 11?
-1
-1 (base 6) to base 4
-1
-9d (base 15) to base 12
-104
8a (base 14) to base 5
442
-10 (base 10) to base 9
-11
-7a (base 12) to base 8
-136
Convert -2 (base 16) to base 14.
-2
What is 43 (base 6) in base 3?
1000
2 (base 7) to base 13
2
a9 (base 15) to base 7
315
What is 4 (base 16) in base 5?
4
-535 (base 6) to base 16
-cb
What is -2120 (base 3) in base 4?
-1011
Convert 3a (base 12) to base 10.
46
-17 (base 11) to base 2
-10010
What is 251 (base 6) in base 2?
1100111
0 (base 7) to base 6
0
Convert -5 (base 16) to base 10.
-5
What is -514 (base 6) in base 8?
-276
What is fe (base 16) in base 2?
11111110
Convert -ee (base 16) to base 11.
-1a7
40 (base 15) to base 2
111100
What is 12 (base 7) in base 8?
11
What is 4d (base 14) in base 6?
153
-d8 (base 14) to base 4
-2332
Convert 13 (base 5) to base 2.
1000
What is -7 (base 13) in base 10?
-7
Convert 3 (base 4) to base 16.
3
-330 (base 6) to base 14
-90
What is -10 (base 2) in base 16?
-2
-100100 (base 2) to base 12
-30
21 (base 5) to base 12
b
What is -22 (base 7) in base 14?
-12
62 (base 15) to base 7
161
Convert -10 (base 2) to base 15.
-2
What is -7 (base 9) in base 6?
-11
What is 3 (base 12) in base 6?
3
What is 64 (base 14) in base 15?
5d
101 (base 2) to base 10
5
3 (base 9) to base 6
3
-37 (base 12) to base 13
-34
-21 (base 4) to base 12
-9
Convert 10 (base 8) to base 3.
22
-22220 (base 3) to base 9
-286
What is -3 (base 8) in base 4?
-3
-28 (base 10) to base 3
-1001
Convert 134 (base 6) to base 13.
46
-4 (base 16) to base 12
-4
What is 26 (base 9) in base 4?
120
1 (base 9) to base 4
1
Convert 8 (base 11) to base 9.
8
Convert 12110 (base 3) to base 15.
9c
Convert -138 (base 14) to base 5.
-1441
10101101 (base 2) to base 13
104
What is -11110 (base 2) in base 14?
-22
What is 24 (base 5) in base 2?
1110
-43 (base 8) to base 3
-1022
Convert -a (base 12) to base 16.
-a
-5 (base 13) to base 5
-10
What is -30 (base 6) in base 10?
-18
What is -1000 (base 2) in base 12?
-8
Convert -220 (base 4) to base 14.
-2c
Convert -535 (base 6) to base 9.
-245
Convert 4 (base 8) to base 3.
11
Convert 3 (base 6) to base 13.
3
21 (base 9) to base 8
23
-10 (base 9) to base 2
-1001
-31 (base 15) to base 14
-34
What is 2 (base 9) in base 14?
2
-f (base 16) to base 12
-13
-1 (base 13) to base 3
-1
Convert -10 (base 6) to base 10.
-6
Convert -11 (base 9) to base 7.
-13
Convert 200 (base 3) to base 13.
15
Convert 2 (base 8) to base 6.
2
-123 (base 4) to base 5
-102
What is -11 (base 13) in base 3?
-112
4 (base 13) to base 8
4
What is 157 (base 8) in base 12?
93
What is -35 (base 7) in base 16?
-1a
-1 (base 7) to base 5
-1
Convert -3 (base 9) to base 5.
-3
Convert 223 (base 7) to base 8.
163
123 (base 10) to base 9
146
What is -343 (base 5) in base 15?
-68
311 (base 5) to base 4
1101
What is 14a (base 15) in base 9?
357
Convert -5 (base 7) to base 10.
-5
Convert -1 (base 4) to base 2.
-1
What is 10 (base 5) in base 12?
5
Convert 63 (base 7) to base 11.
41
Convert 5 (base 14) to base 8.
5
Convert -1a (base 11) to base 9.
-23
What is -3 (base 7) in base 4?
-3
What is b0 (base 12) in base 14?
96
Convert -300 (base 5) to base 9.
-83
Convert -2 (base 13) to base 16.
-2
Convert 111 (base 2) to base 10.
7
4 (base 14) to base 12
4
Convert 5d (base 15) to base 14.
64
What is 2 (base 8) in base 9?
2
What is 4 (base 10) in base 15?
4
What is 10 (base 5) in base 3?
12
-37 (base 9) to base 12
-2a
101011 (base 2) to base 12
37
3 (base 9) to base 6
3
What is -3 (base 8) in base 12?
-3
What is 1a (base 13) in base 12?
1b
What is 1021 (base 3) in base 16?
22
403 (base 6) to base 15
9c
83 (base 12) to base 7
201
Convert -38 (base 12) to base 2.
-101100
247 (base 8) to base 13
cb
What is 12 (base 8) in base 2?
1010
5 (base 16) to base 3
12
Convert 12 (base 15) to base 7.
23
-49 (base 13) to base 15
-41
29 (base 10) to base 5
104
Convert -10002 (base 3) to base 2.
-1010011
-3 (base 15) to base 13
-3
-33 (base 7) to base 10
-24
20 (base 7) to base 6
22
-1 (base 5) to base 15
-1
Convert 33 (base 5) to base 15.
13
Convert -3 (base 11) to base 16.
-3
Convert -26 (base 7) to base 9.
-22
65 (base 14) to base 10
89
-1a (base 14) to base 3
-220
Convert 10 (base 4) to base 12.
4
61 (base 16) to base 2
1100001
230 (base 6) to base 4
1122
Convert -12 (base 6) to base 14.
-8
What is -2212 (base 4) in base 7?
-325
What is -21012 (base 3) in base 10?
-194
What is 2 (base 14) in base 8?
2
-9 (base 10) to base 9
-10
What is -5 (base 13) in base 9?
-5
Convert 9 (base 15) to base 9.
10
What is 3 (base 7) in base 3?
10
Convert -141 (base 8) to base 5.
-342
What is -a (base 15) in base 5?
-20
Convert -5 (base 9) to base 13.
-5
524 (base 6) to base 4
3010
-5 (base 14) to base 5
-10
What is 62 (base 7) in base 10?
44
Convert 120 (base 4) to base 13.
1b
What is 8 (base 12) in base 9?
8
Convert 97 (base 15) to base 7.
262
2 (base 5) to base 12
2
Convert -23 (base 12) to base 6.
-43
-1312 (base 4) to base 13
-91
-112 (base 3) to base 7
-20
Convert -55 (base 6) to base 7.
-50
-4 (base 10) to base 3
-11
Convert -a (base 11) to base 3.
-101
-8 (base 15) to base 12
-8
What is -401 (base 6) in base 13?
-b2
Convert 22 (base 4) to base 12.
a
